).
2
What is 0 - 4 - (18 + -19)?
-3
What is 2 + -1 - (-8 + -8 + 20)?
-3
Evaluate (2 - (9 - (0 + 0))) + 3.
-4
-4 - ((5 - -3) + -18)
6
What is the value of (0 - -3) + (23 - 26) + -4?
-4
Calculate (1 + 3 - (2 + -2)) + -5.
-1
-1 - (-4 + (-10 - -3 - -4))
6
Evaluate -3 - ((-3 - -1) + -6).
5
-8 + (2 - -7) + -7
-6
(0 - 3) + (-1 - -2) + 2
0
What is the value of -3 + (1 - 2) + -74 + 75?
-3
(-4 - (-3 - 2 - -5)) + 9
5
Evaluate 5 + 0 + 6 + -10.
1
Calculate -1 - 4 - -3 - 0.
-2
What is 2 + 0 + 3 + -7?
-2
Calculate (-1 - (1 - 6)) + (-3 - -3).
4
What is (-1 - (9 + 5 + -10)) + 15?
10
Evaluate (-2 - -8 - 10) + 10 + -8.
-2
Evaluate 1 + (1 - (-3 - 0)).
5
Calculate -2 - (-3 + -2 - (3 + -5)).
1
-1 + 4 - (24 + -23)
2
What is (-1 - (9 + -3)) + (13 - -3)?
9
Calculate (3 - (5 - 2)) + 3.
3
What is the value of (6 - 5) + 2 + 2?
5
2 - (-1 - (-1 - 1))
1
-5 - -8 - (2 + -5 - -3)
3
What is -12 + (6 - -6 - 3)?
-3
What is the value of (0 - (-4 - 7)) + -7?
4
0 - 3 - (-2 + 0)
-1
What is the value of -11 + 13 - (2 + -3 + 1)?
2
-1 + -3 + 2 - -2
0
What is the value of 1 + -8 + 2 + (-2 - -1)?
-6
What is the value of -3 + 0 + 1 + 0?
-2
What is the value of -7 + 7 - (10 - 18)?
8
What is the value of (1 - 1) + (8 - 12)?
-4
Evaluate -4 + 6 - (-1 - -7).
-4
(0 - -6 - (6 - 1)) + -5
-4
What is -5 - -2 - (-25 + 26)?
-4
Evaluate -11 + 8 - ((-4 - -2) + -1).
0
What is the value of 1 + -19 + 19 + -9?
-8
18 + -16 - (-1 - 4) - 15
-8
3 - (2 + (4 - 4 - 2))
3
Evaluate (1 - -1) + 58 + -57.
3
Evaluate 1 - (0 - (-7 + 3)).
-3
What is the value of -1 + (1 - (0 + 1 + 2))?
-3
(-28 - -17) + (1 - -3) - 0
-7
What is the value of -11 + (-33 + 33 - (-8 - -1))?
-4
Calculate (-4 - -1) + 1 + -28 + 21.
-9
What is the value of 3 + (2 - 1) + -8?
-4
5 + 1 + -22 + 9
-7
Evaluate -4 - -5 - 2 - -4.
3
What is -5 + (2 - 0) - -8?
5
What is the value of (-1 - 0 - 0) + 3 + 2?
4
Evaluate -10 + (8 + -2 - 0).
-4
What is the value of -1 + (2 - 1) + 28 + -25?
3
What is the value of 49 + -49 - (-1 - 5)?
6
What is the value of (-8 - (-2 - 2)) + 8 + 0?
4
Evaluate 0 + (-2 - (0 + 2)) + 1.
-3
-7 - ((-8 - -7) + -3 + 2)
-5
What is the value of 12 + (-3 - (-4 - -5)) - 4?
4
Evaluate 4 - (-12 - -20 - (0 + 1)).
-3
Calculate 5 - 1 - (7 - (-8 + 8)).
-3
What is 15 + -12 - (2 - 0)?
1
What is -3 - 1 - (2 + 2 + -4)?
-4
What is -10 - (-6 + 0) - -9?
5
0 - (1 + 5 + -8)
2
What is 7 + -6 - (0 - 0) - -1?
2
What is the value of -1 - (0 + -4) - 0?
3
(3 - 2) + -2 + 0
-1
Evaluate 5 + (3 + (-7 - -6) - 6).
1
What is the value of -7 + 15 - 7 - 7?
-6
-3 + (-4 - -5) - (-1 + 4)
-5
What is -10 - -8 - (9 + -6)?
-5
What is -2 + 2 + 12 - (8 - 5)?
9
3 + 0 + -10 + -2 + 4
-5
What is the value of (-18 - -24) + (3 - 1)?
8
6 + (-4 - 2) + 7
7
Calculate 4 + -3 + 0 - (0 + -2).
3
What is the value of (3 - (-7 - -5)) + -6?
-1
Calculate -1 + -2 + 4 - 0.
1
-13 - (-1 + -4) - (-2 - 4)
-2
What is the value of (4 - 7) + 0 + 7?
4
What is the value of (2 - 4) + -3 - -9?
4
Evaluate 8 - (-7 + (-1 - -20)).
-4
Evaluate -12 - (-38 + 11) - 6.
9
Calculate 5 - (6 - 1 - 3) - -1.
4
(5 - (-3 + 4)) + -5
-1
What is (0 - 0) + 0 + (23 - 23)?
0
Calculate -4 + (-1 + 0 - (5 - 10)).
0
Evaluate 1 + -5 + (1 - 0) + -1.
-4
What is the value of (3 - 1) + 1 + -7?
-4
What is the value of (2 - (3 + -2)) + -3 - -3?
1
Calculate -2 + (-18 - -7) + 22.
9
What is (0 - -1) + (-3 - -4) + -4?
-2
What is the value of 0 - 0 - (1 + 3) - -2?
-2
Evaluate (3 - (-4 - -2)) + (16 - 18).
3
-1 + 0 + 7 + -15
-9
Evaluate 2 + 0 - (14 + -5).
-7
What is 20 + (-3 - 6) - 4?
7
What is (-14 + 16 - 7) + -1 + 13?
7
Calculate (13 + -4 - (3 + 0)) + -1.
5
Evaluate -12 - -7 - (0 + 0 - 3).
-2
What is the value of 1 - -4 - (4 + -2)?
3
What is 37 + -39 + (2 - 3 - -1)?
-2
What is 5 + -1 + -1 + -3?
0
What is the value of -2 - (1 + 2 + -6 + 3)?
-2
Evaluate -6 + 19 + -8 - 5.
0
Calculate -5 + (3 - 3 - 0).
-5
Calculate -5 - (0 - (-6 + -3) - 7).
-7
5 + (-2 - -3) - (-8 - -18)
-4
Calculate 18 + -22 - (-1 + 0).
-3
What is 0 + -3 + 4 + -6?
-5
Evaluate (-5 - (5 + -9)) + (-1 - 1).
-3
Evaluate 7 + -2 + -1 + -9.
-5
(3 - (10 + -1)) + 7
1
Calculate (6 - 18) + 3 + 4.
-5
(-6 - 2 - -4) + -1 + 3
-2
Calculate 1 - (3 + (-5 - -2)).
1
Calculate -3 + (-1 - -2) + 38 + -34.
2
Evaluate -7 + (-1 - -11) + (-1 - 8).
-6
What is the value of 7 + -6 - (2 - 0)?
-1
1 - (-1 + 1) - (-87 + 85)
3
Evaluate 0 - ((-5 - (0 + 6)) + 4).
7
Calculate -54 - -51 - (-7 - 0 - 0).
4
7 - (2 + 0 + 5) - -4
4
What is the value of 3 + -3 - (2 - (3 + -3))?
-2
What is (0 - -2) + -2 + -2?
-2
Evaluate (-6 - 8 - -7 - -6) + -5.
-6
Evaluate 1 - (0 + 6 - (35 - 35)).
-5
Evaluate 1 + 5 + -3 + -2.
1
What is the value of 1 + -2 + (0 - 3 - -5)?
1
Evaluate 7 - 2 - 4 - 0.
1
Calculate -2 - (-10 + 6 + 8).
-6
What is the value of -3 + -1 + 8 + -4?
0
Calculate -2 - ((-4 - (0 + -2)) + 4).
-4
Calculate -2 + 6 - (5 + -3 - 3).
5
Calculate 1 - (-1 + (-5 - -8)).
-1
Evaluate (0 + 8 + -2 - -2) + -3.
5
8 - 8 - (0 + 0 - -4)
-4
Calculate -1 - -5 - (0 - (-1 - -2)).
5
-1 + -3 + 1 + 14 + -11
0
What is the value of (4 - 9) + 8 - -2?
5
What is 4 - ((6 - 4) + 1 - 4)?
5
Evaluate (-9 + 5 - -5) + -4 + 3.
0
Calculate (9 - 7) + 0 + -4.
-2
What is the value of 2 + 11 + -11 + 5?
7
Calculate (-1 - 3) + (-22 - (-5 + -13)).
-8
What is -2 - (-8 + 0 - -5)?
1
Calculate 6 + 12 + -13 - (0 + 1).
4
Evaluate (1 - (-3 - (0 + -1))) + -3.
0
Calculate (-7 - -2) + 14 + -3.
6
Evaluate -4 - -8 - (-1 + 9 - 0).
-4
What is the value of -2 + (-9 - (5 - 14))?
-2
What is (-14 - -7) + 2 + (-4 - -1)?
-8
Evaluate -2 + (1 - -5) + (-2 - -2).
4
What is the value of 7 + 2 + -5 - 3?
1
Calculate (-80 - -77) + (0 - 1 - -5).
1
Evaluate -7 - -3 - ((-1 - 0) + -4).
1
18 - (5 + 13 + -8)
8
What is the value of 8 - (20 - (7 - (8 + -6)))?
-7
Evaluate -2 - -4 - (0 + (2 - 5)).
5
-2 + 2 + (-2 - -1)
-1
Calculate -12 - (-8 - -3) - 1.
-8
What is the value of 188 - 182 - (-2 - -1 - 0)?
7
(-17 - (-12 + -2)) + (2 - -7)
6
Evaluate -1 + (5 - (2 + 1 + -3)).
4
What is the value of 3 + 1 - (10 + -11) - 0?
5
-3 + -2 + 14 - (14 - 9)
4
What is 4 - (10 + -7 + 9)?
-8
Evaluate (5 + -4 - (12 + -8)) + 8.
5
What is 1 + (-5 - 0) - -1?
-3
What is the value of 6 + (-1 - (6 - -1))?
-2
(-11 - -19) + -12 - (0 + 0)
-4
3 + -3 + 1 - -3
4
What is 5 - (-11 + 6 + 5)?
5
What is the value of 6 + -9 + 5 - (-1 + 0)?
3
What is the value of -2 + 6 + -11 + (4 - 2)?
-5
What is (6 - -3) + 4 + -13?
0
What is the value of -1 - (-5 + 1 + 5 + -4)?
2
Calculate 3 + (-3 - -3 - 4).
-1
-2 - (-3 - 1 - (-7 - -9))
4
Calculate 0 + (1 - (0 + 2 + 0)).
-1
What is the value of 0 - (2 + -5 + 7)?
-4
Evaluate 32 + -41 - (0 - 1).
-8
What is the value of -4 + -2 + (1 - -4) + -3?
-4
Evaluate -2 + 0 + 4 + -1 - 1.
0
Evaluate 9 - (2 - -11 - 7).
3
Calculate (5 + 16 - 27) + (0 - -9).
3
What is the value of 3 + (-2 - (2 + -2))?
1
0 - (9 + (-1 - 5) + -2)
-1
What is the value of 12 - (6 - 7) - 8?
5
What is the value of 4 + 1 + -7 + 1?
-1
Evaluate 1 - -3 - ((-6 - -4) + 1).
5
Evaluate (-3 - (-16 - 3)) + -42 + 35.
9
What is the value of -19 + (4 - 0) + 2 + 2?
-11
Evaluate -23 + 28 + (2 - (2 + 0)).
5
Evaluate -2 - (1 - (5 + -1)).
1
What is -6 - -5 - (1 - 3)?
1
Evaluate (-1 - 2) + 27 + -23.
1
What is the value of 0 - ((2 - (-6 + 12)) + 12)?
-8
What is the value of -3 - (-2 - (2 + 1 + -2))?
0
12 + -19 + 0 + 5 + 0
-2
Calculate 9 - (1 + 3 + -3 - -3).
5
Calculate -5 + -2 - (-5 + -2).
0
Calculate (3 - (5 - 4)) + (-2 - 4).
-4
Evaluate (-1 - 11 - -4) + (22 - 11).
3
What is 1 - -2 - (4 - (-13 - -10))?
-4
What is -4 + (-5 - 1 - -5)?
-5
4 + (-2 - (7 + -2 - 2))
-1
What is the value of (-6 - ((-13 - -6) + -1)) + -4?
-2
Evaluate 0 - -2 - (7 - 4).
-1
What is 3 + -14 - (-6 - 0)?
-5
What is -1 + 4 + -2 + -2?
-1
Evaluate (0 - -6 - 9) + 1 + 3.
1
What is 8 - (-7 - (-3 + -5 - -2))?
9
Evaluate -3 + -1 + -5 + 4 - -4.
-1
What is the value of (9 - 7) + (-1 - (1 + 0))?
0
Calculate (-1 - 5) + (20 - 9).
5
What is (10 - 9 - (-1 + 4)) + 1?
-1
Calculate -5 - (-10 - (-2 - (3 + -5))).
5
Calculate (-5 - 7) + 7 + 4.
-1
Calculate 2 + -2 + -1 - 5.
-6
8 + (2 - (9 + -4))
5
What is the value of -4 + (-1 + 2 - (1 - 0))?
-4
Calculate (-5 - -1) + 2 + -2.
-4
Calculate (17 - 17) + (-2 - 0).
-2
What is 1 + (20 - 7) + -11?
3
What is (2 - 4) + 3 + 1 + 1?
3
What is the value of -5 + 9 + -10 + 2?
-4
Evaluate -2 + -1 + -3 + -3 + 0.
-9
What is the value of -4 + -6 + (-1 - -1) + 9?
-1
2 - (-11 - (-8 + -4))
1
-6 + -2 + -